 m?
2
Suppose v + 4*v = -3*a + 5, -5*a = -2*v + 33. Suppose v*w - 31 = 3*w. List the prime factors of w.
31
Let d(r) = r**3 + 12*r**2 - 29*r - 10. List the prime factors of d(-14).
2
Let j(y) = y**2 + 2*y + 1. Let h be j(-1). Let p be 1/4 - (-214)/8. Suppose 5*f = -5*v + 70, h = 3*v - f - f - p. List the prime factors of v.
11
Suppose -12 = -z + 5*v + 10, 3*v = z - 28. What are the prime factors of z?
37
Let d = 11 + -7. Suppose d*h = 6*h - 16. List the prime factors of h.
2
Suppose -d = 3*x - 22, -110 = 2*d - 7*d - 4*x. List the prime factors of d.
2, 11
Suppose 0 = 2*n - 0 + 6. Let i = 5 + n. Suppose 2*a = 2*d - 10, -2*a + 4 = i*d - 2. List the prime factors of d.
2
List the prime factors of (1/3)/(-4 - 7385/(-1845)).
3, 41
Let m(v) = v**2 - v + 2. Let x be m(2). Suppose 3*q - q = -2*t + 30, -q + 18 = x*t. What are the prime factors of q?
2, 7
Let x(y) = -7*y**3 + 5*y**2 + 5*y. Let p be x(-2). List the prime factors of (p/21)/(1/7).
2, 11
Let f(y) = y**3 + 3*y**2 - y. Let l be 2/((-2)/(-3)*-1). List the prime factors of f(l).
3
Suppose 9 = 4*x - 7, 0 = 2*s + 3*x - 76. List the prime factors of s.
2
Suppose 4*g + 275 = 5*z, -g - 4*g + 220 = 4*z. What are the prime factors of z?
5, 11
Suppose -2*m = -d + 52, -d + m - 190 = -5*d. List the prime factors of d.
2, 3
Let q = 16 + 9. What are the prime factors of q?
5
Suppose -4 = -5*l + 391. Let q = l + -55. Suppose -3*t = -0*t - q. List the prime factors of t.
2
Let p = -15 + 11. Let d = 0 - -1. What are the prime factors of d/((p/(-10))/2)?
5
List the prime factors of 1*-4*(-3 - 3).
2, 3
Suppose 34 + 56 = 3*l. List the prime factors of l.
2, 3, 5
Suppose 26 = 4*g + 6. Let n(y) = y**2 + 2*y - 7. List the prime factors of n(g).
2, 7
List the prime factors of -2 + -1 + (-355)/(-9 - -4).
2, 17
Suppose q - c + 10 = 2*q, 2*c - 28 = -3*q. Suppose 0 = 4*w - 3*p, -w - 2*p + q = -3. Suppose d + w = 2*d. What are the prime factors of d?
3
Suppose n + 9 = 3. Let b be (16/n)/(1/(-3)). Suppose 0 = h + h - b. What are the prime factors of h?
2
Let y be (3/2)/(6/(-16)). Let k(i) = i**3 + 6*i**2 + 5*i. Let r be k(y). Suppose 4*l - l = r. List the prime factors of l.
2
Let q(w) = w - 1. Let c be q(4). Let g be 0 - c/(3/(-4)). Suppose -53 = -5*d + i + i, -5*d + 59 = g*i. What are the prime factors of d?
11
Let w(g) be the first derivative of -g**2/2 + 9*g + 3. What are the prime factors of w(0)?
3
Let g(s) = -s**2 + 6*s + 10. Suppose -4*b = -20 - 8. Let h be g(b). Suppose 0 = -f + 4*i - 10, -f + h*i + 0 - 7 = 0. What are the prime factors of f?
2
Let w be (-45)/27 + (-4)/(-6). What are the prime factors of (w/(-4))/(2/296)?
37
Let f = -19 + 27. Let k = -6 + f. List the prime factors of k.
2
Let b be (-3)/(-15) - 298/(-10). Suppose -4*h + 122 + b = 0. List the prime factors of h.
2, 19
Let s(d) = d + 14. Suppose 3*q + 0*v + 33 = -3*v, v = 2*q + 19. List the prime factors of s(q).
2
Let h(z) = 49*z + 3. Let q be h(3). Suppose 2*i + q = -3*i. List the prime factors of (i/(-25))/((-2)/(-5)).
3
Let x = 2 + 7. Let q = 9 - x. Let c(l) = l**2 - l + 9. What are the prime factors of c(q)?
3
Suppose p - 100 = -4*l, l - p - 45 = -15. Suppose 4 = y - 1. Suppose l = 3*s - z, 0 = 4*s - y*s + 4*z + 5. List the prime factors of s.
3
Let q(g) = 2*g**2 + 2*g + 2. Let j be q(-3). Let u = 27 - j. List the prime factors of (u + 1)/(-1 - -3).
7
Suppose -5 + 20 = 3*d. Let x be d/(-15) - (-19)/3. What are the prime factors of ((-2)/x)/((-2)/78)?
13
Let x(b) = 2*b - 4. Suppose 0 = -3*k + 5*i + 15, 2*k - 2*i = 3*k - 5. What are the prime factors of x(k)?
2, 3
Let m(c) = c**2 - 5*c - 4. Let n be m(8). Suppose g - n = -g. List the prime factors of g.
2, 5
Suppose 0 = -3*n - 2*n. Let w = n + 12. List the prime factors of w.
2, 3
Let r(x) = -6*x + 19. What are the prime factors of r(-10)?
79
Suppose 2*p + 10 = 4*x - x, -12 = -5*x + p. Suppose 40 = x*b + 2*y, 2*b - 76 = -2*b - 5*y. List the prime factors of b.
2, 3
Suppose 3*w - 9 = 0, 0 = 4*d - 3*w + 1. Suppose 4 = -2*t - 5*r, r = d*t - 9 + 1. What are the prime factors of t?
3
Suppose -11 - 4 = -3*g. Let n = g - 3. Suppose -2*h - n*h + 24 = 0. What are the prime factors of h?
2, 3
Let c be 330/(-12)*(-4)/5. Suppose -5*r = 5*f + c - 62, 5*r = 10. Suppose f*n - 2*n + 4*i = 40, -3*n + 40 = 5*i. What are the prime factors of n?
5
Let p(q) = 2*q**3 - 5*q + 5. What are the prime factors of p(2)?
11
Let k = 12 - 27. Let d = k - -29. Suppose -4*s + d + 18 = 0. What are the prime factors of s?
2
Let i be -3 + (-2 - (-4 + -1)). Let c(p) = -p**2 - 2*p + 5. Let f(l) = -2*l**2 - 5*l + 9. Let m(r) = 7*c(r) - 3*f(r). List the prime factors of m(i).
2
Let q(z) = z**3 + z**2 + 3*z + 85. What are the prime factors of q(0)?
5, 17
Let d(s) = 10*s**2 - 8*s - 33. What are the prime factors of d(-6)?
3, 5
Suppose -p = -50 - 11. What are the prime factors of p?
61
Let i = 7 + 7. What are the prime factors of i?
2, 7
Let t(w) = 3*w**2 + 3*w - 3. Let q = -2 - -7. Let f(n) = n**3 - 6*n**2 + 5*n + 2. Let u be f(q). What are the prime factors of t(u)?
3, 5
Suppose 4*l - 6*l + 14 = -3*w, 3 = -5*l - 2*w. Suppose 3*a + 4*y = 21 + 5, y = 2*a + l. Suppose a*n = -0 + 6. List the prime factors of n.
3
Let j(t) = 3*t**2 - 3*t - 3. Let a be j(4). Suppose -a = 3*p - 6*p. What are the prime factors of p?
11
Let c = -110 + 198. What are the prime factors of c?
2, 11
Let w(u) = u**3 - 6*u**2 + 2*u - 1. Let k be 12/20 - (-7)/5. Suppose 0 = y - 3*v - 15, 2*v = -k*y - 0*v + 6. What are the prime factors of w(y)?
11
Let d be (4/(-6))/(4/(-606)). Suppose 4*w - 4*m - 81 = -m, -5*w = -4*m - d. What are the prime factors of w?
3, 7
Suppose 5*t + 5*b = 67 - 2, 0 = t - 5*b - 1. What are the prime factors of t?
11
List the prime factors of (-36)/14*224/(-24).
2, 3
Let b be 0/(-3 + 0 - -5). Suppose 5*p - 215 - 50 = b. Let n = p + -35. What are the prime factors of n?
2, 3
Suppose 13 = -g + 3. Let a = 12 + g. List the prime factors of a.
2
Let f(t) = 2*t**3 - 9*t**2 - 5*t + 10. What are the prime factors of f(7)?
2, 5, 11
List the prime factors of (5/(-4))/((6/2)/(-576)).
2, 3, 5
List the prime factors of 1/((20/28)/5).
7
Suppose -2*f = -3*f + 13. List the prime factors of f.
13
Let a(k) be the third derivative of k**7/1260 + k**5/120 + k**4/8 + k**2. Let q(d) be the second derivative of a(d). What are the prime factors of q(2)?
3
Let r be 2 - ((-3)/(-3) - -1). Let i(d) = -d**3 - d**2 + d + 3. Let q be i(0). Suppose -f - q*f + 32 = r. What are the prime factors of f?
2
Suppose 105 = 3*m - 5*f, 0*m = -3*m - 4*f + 105. List the prime factors of m.
5, 7
Let b be -8*12*2/(-4). Suppose 4*i = i + b. What are the prime factors of i?
2
List the prime factors of -12*(22/(-6) + 2).
2, 5
Let x = 2 - -3. Suppose 2*a - 5 = -0*o + o, -x*o = -5*a + 5. What are the prime factors of a?
2
Let i(s) = s. Let f be i(0). Suppose -t - 2 - 3 = f. Let m(k) = k**3 + 4*k**2 - 7*k - 5. List the prime factors of m(t).
5
Let x(n) = -n**2 - 5*n - 1. Let p be x(-5). Suppose 2*k - 25 = -3*s, 3*k = 5*s + 6*k - 40. Let m = s + p. List the prime factors of m.
2
Let b be (-6)/(-27) - (-6)/(-27). Suppose -r + 2*q + 7 = b, 26 = 4*r - 4*q - 6. What are the prime factors of r?
3
Suppose 4*z = v + 2, 0 = -v - z + 5 + 8. Suppose -4*w = -5*x + w + v, 16 = 4*w. List the prime factors of x.
2, 3
Suppose 0 = -3*g - 3*x + 660, 2*g - 3*g - 2*x = -222. List the prime factors of g.
2, 109
Suppose -2*m + 2 = -2. Let s(n) = n**3 - 2*n**2 + 2*n - 2. What are the prime factors of s(m)?
2
Let s(z) = z**2 + 2*z + 10. What are the prime factors of s(6)?
2, 29
Let o(b) = 9*b**3 + b**2 + b - 1. Let k = 5 + -4. Let v be o(k). Let m = v - 5. What are the prime factors of m?
5
Suppose i + 236 = 4*h - h, -4*h + 313 = -i. What are the prime factors of h?
7, 11
Suppose 0 = -2*g - 2*g + 152. Suppose 2*p - 5*v = -v + 16, -4*p + 5*v + g = 0. What are the prime factors of p?
2, 3
Suppose 7*u - 4*u - 60 = 0. List the prime factors of u.
2, 5
Let j be 1 - (-3)/(-6)*6. List the prime factors of -1 - j - (3 - 15).
13
Let c = -45 - -102. List the prime factors of c.
3, 19
Let n = 549 + -318. What are the prime factors of n?
3, 7, 11
Let i = 155 + -62. What are the prime factors of i?
3, 31
List the prime factors of -2 + (-2)/(0 - 8/68).
3, 5
Let i(q) = -2*q**2 + 3*q - 4. Let g be i(3). Let x = g + 24. Suppose x = -l 